18*f + 678*f. What is the ten thousands digit of f?
8
Let k(l) = 2*l**3 + 158*l**2 + 129*l + 485. What is the hundreds digit of k(-77)?
2
Suppose j - 14912 - 26796 = -j. What is the ten thousands digit of j?
2
Let s(c) = -5*c - 54. Let m(z) = -4*z - 54. Let o(v) = -3*m(v) + 2*s(v). Let n be o(-25). Suppose n*b - 6*b = -382. What is the hundreds digit of b?
1
Let h = 53523 - 22166. What is the hundreds digit of h?
3
Let j(m) = -2 - 46407*m**2 - 10*m - 1 + 46422*m**2 + 2. What is the hundreds digit of j(10)?
3
Let y = 1587 + -1243. What is the tens digit of y?
4
Let r be 2*-1 - -229 - (-6)/2. Suppose -r = -2*f - 132. What is the units digit of f?
9
Suppose 182*b - 3907868 = 73*b. What is the thousands digit of b?
5
Let f(i) = 2*i + 3*i**3 + 5*i + 3*i**3 + i**2 - 3*i**3. Let r be f(-3). Let p = -17 - r. What is the tens digit of p?
7
Let c(h) = h**2 - 9*h + 22. Let u be c(5). Suppose -x - p - 12 = -4*p, -4*p - 54 = u*x. What is the units digit of (-733)/(-7) + (-3)/x*2?
5
What is the tens digit of 2496/104 + (48838 - 0)?
6
Suppose 0 = 11*n - 8*n - 12. Suppose -v - 27 - 13 = -n*h, -15 = -3*h - 3*v. Suppose 5*t + 276 = h*t. What is the units digit of t?
9
Let u(m) = m**3 + 5*m**2 + 3*m + 2. Let f be u(0). Suppose 0 = -f*j - 124 + 168. What is the tens digit of j?
2
Let k(z) = 53*z**2 - 109*z - 1299. What is the ten thousands digit of k(-23)?
2
Let x(k) be the first derivative of 2*k**3 - 149*k**2/2 + 9*k - 46. What is the tens digit of x(28)?
4
Suppose 10*k = 9*k - 21. Let f = k - -33. Suppose 0 = 3*p + o - 35, 0 = -2*p + o + 3 + f. What is the tens digit of p?
1
Suppose 42*z - 64*z = -66. Suppose 3*j + 394 - 2373 = -4*s, 1485 = 3*s + z*j. What is the hundreds digit of s?
4
Let s(m) = -m**2 + 12*m + 29. Let y be s(19). What is the units digit of 13/(y/(-666)) - 1/4?
3
Let y(f) = -2*f**2 - 10*f**2 + f**2 + 38 + 2*f + 7*f - 2*f**3. What is the hundreds digit of y(-7)?
1
Suppose -1266*c + 38510 = -1263*c - 2*p, -38486 = -3*c - 4*p. What is the thousands digit of c?
2
Let k(b) = 31*b - b**2 + 57 + b**3 - 5*b**2 - 3*b**2 - 2 - 5*b**2. What is the hundreds digit of k(14)?
4
What is the thousands digit of -12 - ((-12)/(-21) - 4744362/147)?
2
Suppose 3*i - 9 = -3. Suppose 0 = 3*g + g. Suppose -l - i*l + 3 = g, -l = -3*d + 203. What is the units digit of d?
8
Suppose -2*u - 3*u + 615 = 0. Let w be (-37)/111 - (-139)/3. Let s = u - w. What is the tens digit of s?
7
Suppose -15*p + 115 = -35. Suppose p*a - 2447 = 953. What is the tens digit of a?
4
Let l(k) = -k**2 + 10. Let u be (-2)/(-3) - 171/(-27). Let z be l(u). Let j = 72 + z. What is the units digit of j?
3
Let t be (-1)/(-7) - (-165)/(-77). What is the tens digit of (-2 - (1 - t)) + 457?
5
Suppose -4 + 4 = -13*f. Suppose 2*u - 3*j - 1345 - 904 = f, -2*u + 2259 = -j. What is the units digit of u?
2
Let q = -5076 + 29262. What is the ten thousands digit of q?
2
Suppose -17*z - 24259 = -186524. What is the units digit of z/7 + 12/28?
4
Suppose 3*i = 2*n - 76170, 4*i + 47158 = 4*n - 105174. What is the tens digit of n?
7
Let h be 116/(-6)*(1 + 5)*-2. Let y = 468 + h. What is the hundreds digit of y?
7
Let q = 11 - 15. Let m be (-52)/(-182) + -29*q/(-14). Let u(d) = 2*d**2 - 7. What is the units digit of u(m)?
1
Let y be -5*(-12)/(-30) - (-32 - -1). Suppose 2*s - y = 1. What is the tens digit of s?
1
Let d be ((-1)/3)/(65/(-585)). Suppose -10*o + 12*o - 8 = 0, -d*k + 2*o + 2650 = 0. What is the hundreds digit of k?
8
Suppose 0 = 7*q + 35 - 35. Suppose -s = q, -o + 70 + 416 = 4*s. What is the hundreds digit of o?
4
Let v be (0 - 0/3) + 2. Let a be ((-88)/55)/(v/5). What is the units digit of (4 + 6 - 2) + a?
4
Let x = 4447 - 4171. What is the tens digit of x?
7
Suppose -60 = -2*v - 4*p, -4*p + 49 + 71 = 5*v. Let d be 8/v*(-45)/(-12)*-2. What is the units digit of d*(-1 + 0) + 87?
0
Let b = -16968 + 25900. What is the tens digit of b?
3
Let b(j) = 17*j - 8. Let f be b(-10). Let m = f - -475. What is the tens digit of (6/9)/(6/m)?
3
Suppose 5 = -s - 4*t, 3*s + 2*t - 25 = 8*s. What is the tens digit of (-5)/s + 1454/2*1?
2
Let g(b) = 126*b + 1769. What is the hundreds digit of g(36)?
3
Let a = 283 - 301. What is the units digit of (-850)/a + 38/(-9) + 4?
7
Let m = 5153 - -346. Suppose 12*s - 3*s = m. What is the hundreds digit of s?
6
Let c be 3/((-6)/(-56)) - -2. Let o = c - 18. Suppose 2*u = -4*l + 308, 0*u + 3*u = -o. What is the tens digit of l?
7
Suppose 5*v - 4*y = -51, 2*v = -3*y - 53 + 28. What is the units digit of (v/(-2))/((-6)/(-276))?
3
Suppose -4*y + 396 + 132 = 0. Suppose 1128*a - 1119*a + 477 = 0. Let f = y + a. What is the units digit of f?
9
Let k(q) = 4*q + 8. Let a be k(3). Let p = a - 25. What is the units digit of (-1 - p) + 110*1?
4
Let m be 39/1*14/6. Suppose 0 = 2*f - n - 79, f + 1 - 27 = -4*n. Let x = m - f. What is the units digit of x?
3
Suppose -3*j + 56 = 74. What is the tens digit of (-7)/j*818 + 2/3?
5
Suppose -6687*q + 6693*q - 226722 = 0. What is the units digit of q?
7
What is the tens digit of (1572 - 80/8) + 14?
7
Suppose 0 = 3*q + 5*d - 7494, -3*q + 4*q = -5*d + 2488. Let z = q - 1617. What is the hundreds digit of z?
8
Let t(n) = -2*n + 3. Let r be t(2). Let q be (6/(-3))/2*r*0. Let l(d) = -4*d + 133. What is the tens digit of l(q)?
3
Let g = 11 - -119. Suppose g + 344 = -s. What is the tens digit of (2/4)/((-3)/s)?
7
Let n = -115 + 118. Suppose l - 15 - 253 = z, l - 262 = n*z. What is the units digit of l?
1
Let i(d) = 5 + d + 2*d**2 - 3*d + 2*d**2. Suppose 0 = -245*c + 240*c + 25, 7 = 3*u - c. What is the tens digit of i(u)?
6
Suppose -134020 = -2*g - 6*q, -4*q + 201000 = -282*g + 285*g. What is the ten thousands digit of g?
6
Suppose -3*w - 4*u = -2*u - 4314, 0 = -2*w - 5*u + 2876. What is the thousands digit of w?
1
Let d(n) = n**2 - 13*n + 13. Suppose 8*o - 84 = o. Let q be d(o). Let u(i) = 88*i - 1. What is the tens digit of u(q)?
8
Let s be -6*(-1 - 1)*(-9)/(-18). Suppose -3*b + 12 = s. Suppose 3*h - b*h - 2*i = 138, 0 = 3*i + 6. What is the tens digit of h?
3
Let v(h) = 198*h + 6165. What is the units digit of v(142)?
1
Suppose -4*l + 131 = 5*v, 2*v - 2*l = 1 + 55. Let f = v + -22. Suppose 4*r - 299 = f. What is the units digit of r?
6
Let j(a) = 10*a - 175. Let o be j(18). Suppose 501 = 2*k + f, o*k - 711 = -2*f + 541. What is the units digit of k?
0
Let m(s) be the third derivative of -s**6/120 - s**5/12 + 7*s**4/8 - s**3/3 + 63*s**2. What is the tens digit of m(-10)?
8
Let k = -3273 + 1399. Let g = k - -3293. What is the hundreds digit of g?
4
Suppose 0 = -4*w - 3*v - 3475, -3*w + 36*v = 31*v + 2599. Let h = w - -2415. What is the units digit of h?
7
Let q(i) = 11*i**2 - 149*i - 8. Suppose -247 = 31*w - 44*w. What is the hundreds digit of q(w)?
1
Suppose 161*s - 156*s = 35180. What is the thousands digit of s?
7
Let y = 722 + -716. Suppose -4*z + 4892 = -2*l + y*l, 2*l = 2*z + 2450. What is the units digit of l?
4
Suppose -2*p = 3*t - 78117, t + 16297 = -2*p + 94416. What is the hundreds digit of p?
0
Suppose -l + 4*l = 2*j - 1279, 0 = 3*j - 6. Let r = -255 - l. What is the tens digit of r?
7
Let c be (4 + (-28)/6)/((-2)/51). Suppose 4*r = 5*g - c, 2*r = 7*g - 3*g - 16. Suppose 3*t - 509 = 2*f, -2*t + r*f - 5*f + 322 = 0. What is the tens digit of t?
6
Suppose 8*x + 476 = -68. What is the units digit of (-3106)/(-18) - x/153?
3
Let u(n) = 7*n**3 - 24*n**2 - 14*n - 20. Let z(j) = 6*j**3 - 22*j**2 - 13*j - 20. Let g(q) = 5*u(q) - 6*z(q). What is the hundreds digit of g(12)?
1
Let w(p) be the third derivative of -9*p**4/2 - 17*p**3 + 65*p**2. What is the hundreds digit of w(-5)?
4
Let p = 10866 + -5406. What is the thousands digit of p?
5
Let o(y) be the second derivative of y**4/3 - 4*y**3 + 9*y**2/2 - y + 3. What is the hundreds digit of o(10)?
1
What is the hundreds digit of (-63)/15*6865/(-3)?
6
Suppose 32*y - 1952 = 3904. Suppose -2*q = -2*z + 128, 5*q + 4*z + 151 = -169. Let b = q + y. What is the units digit of b?
9
Let v(g) be the third derivative of g**6/8 + g**5/15 - g**4/6 + 4*g**3/3 + g**2 - 6. What is the hundreds digit of v(4)?
0
What is the hundreds digit of (93/(-62))/(6/(-35188))?
7
Let p(a) = a**3 + 8*a - 5. Let v be p(-4). Let n = 103 + v. Suppose n*s + 3*s + 4*c - 677 = 0, -3*s + 5*c + 384 = 0. What is the hundreds digit of s?
1
Suppose 68